
-50
Let d(r) = 2*r**2 - 6*r - 2. Give d(3).
-2
Let v(r) = r - 4. What is v(-2)?
-6
Let v(t) = -19*t + 13. Calculate v(1).
-6
Let u(n) = -3*n**3 - 12*n**2 - 2*n + 9. Determine u(-4).
17
Let q(a) = -a**3 - 3*a**2 + a - 9. Give q(-4).
3
Let h(b) = -2*b + 56. Give h(9).
38
Let p(x) = -x**2 - 7*x - 11. Give p(-6).
-5
Let x(k) = 4*k - 10. Determine x(-6).
-34
Let w(y) = 154*y + 2. Give w(1).
156
Let q(k) = k**3 + 11*k**2 - 8*k - 5. Determine q(-12).
-53
Let u(d) = 2*d**3 - d**2 + d - 5. Calculate u(2).
9
Let p(w) = -w**2. Determine p(-3).
-9
Let b(q) = q**3 + q. Calculate b(0).
0
Let v(f) = -f**3 - 6*f**2 - 9*f + 6. Give v(-5).
26
Let v(u) = -8*u**2 - 287*u + 28. Calculate v(-36).
-8
Let i(t) = 11*t + 55. Determine i(-6).
-11
Let m(w) = -2*w**2 - w - 2. Determine m(-2).
-8
Let a(y) = -y**2 - 17*y + 15. What is a(-16)?
31
Let w(t) = t**3 + 3*t**2 - 2*t. Determine w(-4).
-8
Let n(f) = -2*f**2 + 3*f - 1. What is n(-3)?
-28
Let o(q) = -3*q**2 - 14*q + 7. Give o(-6).
-17
Let k(b) = b**3 - 10*b**2 - 8*b - 30. Determine k(11).
3
Let o(u) = 13*u - 7. What is o(4)?
45
Let g(k) = -k**2 + 15*k - 15. What is g(13)?
11
Let n(u) = u**3 + 6*u**2 - 4*u + 1. Calculate n(-4).
49
Let o(y) = y**2 + y - 25. Calculate o(-6).
5
Let q(p) = 2*p**2 - 22*p + 5. What is q(11)?
5
Let k(h) = -5*h + 2. Give k(-4).
22
Let n(q) = -16*q - 77. What is n(-5)?
3
Let z(d) = d**3 + 5*d**2 - 6*d - 3. Give z(-6).
-3
Let c(o) = -2*o**2 + 19*o + 20. Give c(-1).
-1
Let l(h) = -h**3 - 41*h**2 + 35*h - 300. What is l(-42)?
-6
Let z(g) = -g**2 - 23*g + 15. Calculate z(-19).
91
Let q(g) = g**3 + 35*g**2 + g + 43. Determine q(-35).
8
Let j(z) = -9*z - 120. Determine j(-13).
-3
Let t(l) = -l - 22. Calculate t(-15).
-7
Let p(i) = i**3 + 7*i**2 + 7*i - 25. What is p(-4)?
-5
Let f(v) = v**3 - 10*v**2 + 8*v. Calculate f(9).
-9
Let k(l) = 29*l**2 + 2. Give k(-1).
31
Let g(c) = -3*c + 63. Calculate g(0).
63
Let a(c) = -c**3 + 14*c**2 + 6. Give a(14).
6
Let q(z) = -43*z + 10. Determine q(2).
-76
Let f(o) = -6*o + 4. Calculate f(-4).
28
Let o(h) = 110*h + 435. Determine o(-4).
-5
Let h(o) = o**2 - 15*o - 47. Determine h(14).
-61
Let c(n) = n**3 - 17*n**2 + 2*n - 15. Calculate c(17).
19
Let r(g) = -10*g**2 + 7*g + 8. Give r(-1).
-9
Let g(s) = -2*s**3 + s**2 - s - 1. Calculate g(0).
-1
Let s(x) = 2*x**2 + 13. What is s(0)?
13
Let y(v) = v - 9. Calculate y(2).
-7
Let c(x) = 5*x**3 + 3*x - 2. Give c(1).
6
Let w(r) = 2*r**2 + 63*r - 11. Give w(-32).
21
Let l(y) = -3*y**2 - 3*y - 5. Determine l(-6).
-95
Let m(d) = d**2 + 20*d - 4. Give m(-20).
-4
Let d(c) = -23*c + 3. Calculate d(-3).
72
Let s(l) = -l**3 - 12*l**2 + 9*l - 55. Calculate s(-13).
-3
Let m(o) = 3*o**2 - 14*o + 1. Determine m(7).
50
Let v(f) = -2*f**2 + 14*f + 1. What is v(10)?
-59
Let x(g) = g + 18. Give x(0).
18
Let l(s) = s**3 - 25*s - 27. What is l(-4)?
9
Let s(g) = g**2 + 19*g + 35. Give s(-18).
17
Let a(i) = 9*i - 122. Calculate a(14).
4
Let t(g) = -g + 14. Calculate t(-2).
16
Let x(y) = y**2 - 6*y - 1. Calculate x(6).
-1
Let k(f) = 2*f**3 + 3*f**2 + f + 2. Determine k(-2).
-4
Let v(k) = -2*k**2 + 5*k + 6. Determine v(4).
-6
Let t(z) = z**3 - 14*z**2 + 10*z + 43. Determine t(13).
4
Let t(m) = -m**3 - 2*m**2 + 24. Give t(0).
24
Let v(y) = y**2 - 4*y - 5. What is v(5)?
0
Let d(f) = -22*f + 4. Calculate d(-2).
48
Let w(z) = z**3 + 9*z**2 + 21*z - 11. Calculate w(-9).
-200
Let g(p) = -p**3 + 6*p**2 - 8*p. Give g(3).
3
Let g(d) = -d**2 + 15*d + 74. Determine g(14).
88
Let x(g) = 2*g**2 + 5*g - 26. What is x(-6)?
16
Let c(g) = 9*g**2 + 3*g + 4. What is c(-3)?
76
Let j(n) = -19*n + 34. Calculate j(5).
-61
Let s(z) = -z**2 + z - 6. Determine s(0).
-6
Let v(n) = n**2 + n - 12. Determine v(0).
-12
Let h(i) = i**3 - 2*i + 1. Determine h(2).
5
Let n(z) = -z**3 - 3*z**2 + 8*z + 9. What is n(-5)?
19
Let r(o) = -2*o - 29. What is r(-15)?
1
Let p(k) = -k**3 - 5*k**2 + 6*k + 21. Determine p(-5).
-9
Let r(f) = -3*f**3 - f**2 + 10*f + 13. Determine r(-2).
13
Let g(y) = 6*y - 47. Give g(11).
19
Let d(t) = -4*t**2 + 6*t + 35. Calculate d(-3).
-19
Let s(p) = 5*p**2 + 1. Determine s(2).
21
Let f(j) = -2*j**2 + 15*j - 13. What is f(4)?
15
Let k(s) = -s - 17. Determine k(-6).
-11
Let a(n) = -n - 5. Calculate a(3).
-8
Let f(z) = 5*z - 11. Determine f(3).
4
Let j(p) = -6*p - 1. Determine j(2).
-13
Let x(u) = 2*u**2 - 14*u - 5. Determine x(7).
-5
Let x(t) = t**2 + 2. Calculate x(4).
18
Let m(z) = -z**2 - 16. Calculate m(10).
-116
Let w(t) = -7*t. Give w(3).
-21
Let c(q) = -q**3 + 12*q**2 + 2*q - 23. Calculate c(12).
1
Let g(n) = 28*n + 647. Determine g(-23).
3
Let p(v) = -v**2 + 8*v + 1. Calculate p(4).
17
Let f(d) = d**2 - 12*d - 11. Calculate f(9).
-38
Let x(d) = d**2 - 26*d - 132. Give x(31).
23
Let n(p) = -13*p + 137. What is n(10)?
7
Let m(v) = v**3 - 12*v**2 - 56*v + 676. What is m(12)?
4
Let r(x) = -x**3 + 9*x**2 + 10*x - 21. What is r(10)?
-21
Let d(r) = 2*r**3 - 2*r**2 - r - 7. Calculate d(0).
-7
Let l(b) = b**2 + 4*b + 3. Determine l(-3).
0
Let k(i) = -2*i - 5. Calculate k(-4).
3
Let o(n) = 6*n**2 + 10. Give o(-3).
64
Let x(o) = -o**3 - 10*o**2 - 13*o - 3. Determine x(-7).
-59
Let p(b) = -25*b + 6. Determine p(3).
-69
Let l(x) = -3*x**2 - 20*x - 4. Determine l(-5).
21
Let d(q) = -9*q + 60. Calculate d(5).
15
Let r(v) = -2*v**2 - 31*v - 43. Determine r(-11).
56
Let o(y) = -25*y**2 + 2*y + 1. Calculate o(-1).
-26
Let x(h) = -h**3 - 6*h**2 - 2*h + 6. Calculate x(-6).
18
Let z(a) = -29*a**2 - a. Determine z(1).
-30
Let b(j) = j**3 - 11*j**2 + 9*j - 4. Give b(10).
-14
Let s(h) = -24*h**2 + 2*h + 3. What is s(-1)?
-23
Let s(w) = -w**3 + 23*w**2 + 44*w + 149. Give s(25).
-1
Let t(n) = -n**3 + 6*n**2 - n + 13. Determine t(6).
7
Let v(a) = -2*a + 22. Give v(14).
-6
Let n(x) = -x**3 + 4*x**2 + 6*x - 10. Give n(6).
-46
Let r(v) = v - 6. Determine r(-13).
-19
Let u(i) = -15*i - 176. Give u(-12).
4
Let k(l) = l**2 - 25*l + 10. What is k(23)?
-36
Let y(t) = -4*t - 12. Give y(-4).
4
Let j(g) = 3*g**2 - 69*g + 6. Calculate j(23).
6
Let y(l) = -l**2 + 16*l + 19. Give y(14).
47
Let d(p) = -9*p**2 - 33*p - 9. Determine d(-5).
-69
Let r(g) = -g**2 + g + 36. Calculate r(0).
36
Let f(v) = -v**3 - 12*v**2 - 14*v - 52. What is f(-11)?
-19
Let w(l) = -3*l**3 - 17*l**2 + 9*l + 23. Determine w(-6).
5
Let i(m) = -15*m + 28. Calculate i(2).
-2
Let p(l) = -l**2 - 6*l + 4. Give p(-10).
-36
Let f(n) = n**3 + 9*n**2 + 4*n - 26. Determine f(-8).
6
Let r(i) = -5*i + 8. Determine r(4).
-12
Let j(f) = 3*f**2 - 4*f + 1. Determine j(3).
16
Let v(s) = 2*s**2 - s - 1. Determine v(-1).
2
Let t(k) = 6*k. Give t(15).
90
Let u(t) = t + 6. What is u(-6)?
0
Let s(n) = 2*n - 5. Give s(6).
7
Let t(g) = g**3 + 4*g**2 + g - 5. What is t(-5)?
-35
Let t(w) = -w + 8. Give t(3).
5
Let g(z) = 6*z**2 - z - 2. Give g(-1).
5
Let p(t) = 3*t - 30. Give p(10).
0
Let q(s) = s**3 + 6*s**2 + 2*s - 2. Give q(-5).
13
Let o(n) = -5*n**2 + 185*n + 8. Determine o(37).
8
Let b(h) = h**3 + 16*h**2 + 12*h - 45. What is b(-15)?
0
Let c(s) = s**3 + 18*s**2 + 32*s - 8. Give c(-16).
-8
Let d(j) = j**2 - 9*j + 22. Determine d(4).
2
Let q(i) = i**3 - 15*i**2 + 37*i - 11. Calculate q(12).
1
Let p(m) = 4*m**2 + 2*m + 1. Give p(-1).
3
Let q(v) = v**2 - v - 1. Determine q(0).
-1
Let p(r) = r**3 - 13*r**2 + 27*r - 9. Calculate p(11).
46
Let y(u) = 5*u - 82. Calculate y(19).
13
Let u(p) = -p**2 - 4*p - 4. Give u(-3).
-1
Let z(j) = -j**3 + 23*j**2 - 42*j - 7. What is z(21)?
-7
Let i(f) = 10*f - 2. What is i(-2)?
-22
Let z(t) = t**2 + 10*t + 13. Give z(-9).
4
Let k(x) = 3*x - 6. Give k(7).
15
Let l(j) = -2*j**2 - 25. Give l(0).
-25
Let c(l) = -l**3 + 25*l - 4. Determine c(-5).
-4
Let f(k) = 2*k**2 - 48*k - 44. What is f(25)?
6
Let n(y) = -y**2 - 15*y - 38. Give n(-10).
12
Let i(t) = t**2 - 8*t - 11. Give i(-3).
22
Let a(u) = -u**3 - 5*u**2 + 16*u + 22. Give a(-7).
8
Let x(c) = 26*c + 271. Give x(-10).
11
Let d(v) = -28*v + 97. What is d(3)?
13
Let z(k) = -10*k - 1. Give z(-1).
9
Let f(p) = 21*p - 26. Give f(1).
-5
Let y(d) = 2*d**3 - 5*d**2 + d + 4. Calculate y(3).
16
Let o(k) = k**2 + 8*k - 32. Calculate o(-10).
-12
Let g(o) = -2*o. Give g(5).
-10
Let u(w) = -2*w. Determine u(6).
-12
Let f(u) = 2*u**3 - u**2 - 2*u + 3. Determine f(1).
2
Let f(a) = 8*a - 5. What is f(2)?
11
Let w(u) = 32*u - 390. Give w(12).
-6
Let y(a) = -a**3 + 4*a**2 + 10